{"id":649,"date":"2020-07-29T16:16:02","date_gmt":"2020-07-29T14:16:02","guid":{"rendered":"https:\/\/xn--brgerstiftung-emscherlippe-land-oid.de\/?page_id=649"},"modified":"2020-07-29T16:16:02","modified_gmt":"2020-07-29T14:16:02","slug":"steuerhinweise","status":"publish","type":"page","link":"https:\/\/xn--brgerstiftung-emscherlippe-land-oid.de\/index.php\/steuerhinweise\/","title":{"rendered":"Steuerhinweise"},"content":{"rendered":"\n<h2 class=\"wp-block-heading\">Steuerhinweise f\u00fcr Spender und Stifter<\/h2>\n\n\n\n<h4 class=\"wp-block-heading\">Einkommensteuergesetz (EstG)<\/h4>\n\n\n\n<p><strong>\u00a7 10b Steuerbeg\u00fcnstigte Zwecke<\/strong><br><br>(1)&nbsp;<strong>Zuwendungen<\/strong>&nbsp;(Spenden und Mitgliedsbeitr\u00e4ge) zur F\u00f6rderung steuerbeg\u00fcnstigter Zwecke im Sinne der \u00a7\u00a7 52 bis 54 der Abgabenordnung an eine inl\u00e4ndische juristische Person des \u00f6ffentlichen Rechts oder an eine inl\u00e4ndische \u00f6ffentliche Dienststelle oder an eine nach \u00a7 5 Abs. 1 Nr. 9 des K\u00f6rperschaftsteuergesetzes steuerbefreite K\u00f6rperschaft, Personenvereinigung oder Verm\u00f6gensmasse k\u00f6nnen insgesamt bis zu<\/p>\n\n\n\n<ol class=\"wp-block-list\"><li><strong>20 Prozent<\/strong>&nbsp;des Gesamtbetrags der&nbsp;<strong>Eink\u00fcnfte<\/strong>&nbsp;oder<\/li><li><strong>4 Promille<\/strong>&nbsp;der Summe der gesamten&nbsp;<strong>Ums\u00e4tze<\/strong>&nbsp;und der im Kalenderjahr&nbsp;<strong>aufgewendeten L\u00f6hne und Geh\u00e4lter<\/strong><\/li><\/ol>\n\n\n\n<p>als Sonderausgaben abgezogen werden. Nicht abziehbar sind Mitgliedsbeitr\u00e4ge an K\u00f6rperschaften, die<\/p>\n\n\n\n<ol class=\"wp-block-list\"><li>den Sport (\u00a7 52 Abs. 2 Nr. 21 der Abgabenordnung),<\/li><li>kulturelle Bet\u00e4tigungen, die in erster Linie der Freizeitgestaltung dienen,<\/li><li>die Heimatpflege und Heimatkunde (\u00a7 52 Abs. 2 Nr. 22 der Abgabenordnung) oder<\/li><li>Zwecke im Sinne des \u00a7 52 Abs. 2 Nr. 23 der Abgabenordnung<\/li><\/ol>\n\n\n\n<p>f\u00f6rdern. Abziehbare Zuwendungen, die die H\u00f6chstbetr\u00e4ge nach Satz 1 \u00fcberschreiten oder die den um die Betr\u00e4ge nach \u00a7 10 Abs. 3 und 4, \u00a7 10c und \u00a7 10d verminderten Gesamtbetrag der Eink\u00fcnfte \u00fcbersteigen, sind im Rahmen der H\u00f6chstbetr\u00e4ge in den folgenden Veranlagungszeitr\u00e4umen als Sonderausgaben abzuziehen. \u00a7 10d Abs. 4 gilt entsprechend.<br><br>(1a) Spenden in den&nbsp;<strong>Verm\u00f6gensstock<\/strong>&nbsp;einer Stiftung des \u00f6ffentlichen Rechts oder einer nach \u00a7 5 Abs. 1 Nr. 9 des K\u00f6rperschaftsteuergesetzes steuerbefreiten Stiftung des privaten Rechts k\u00f6nnen auf Antrag des Steuerpflichtigen im Veranlagungszeitraum der Zuwendung und in den folgenden neun Veranlagungszeitr\u00e4umen bis zu einem Gesamtbetrag von&nbsp;<strong>1 Million Euro<\/strong>&nbsp;(Ehepaare bis zu&nbsp;<strong>2 Millionen Euro<\/strong>, wenn sie gemeinsam zur Einkommenssteuer veranlagt werden) zus\u00e4tzlich zu den H\u00f6chstbetr\u00e4gen nach Absatz 1 Satz 1 abgezogen werden. Der besondere Abzugsbetrag nach Satz 1 bezieht sich auf den&nbsp;<strong>gesamten Zehnjahreszeitraum<\/strong>&nbsp;und kann der H\u00f6he nach innerhalb dieses Zeitraums nur einmal in Anspruch genommen werden. \u00a7 10d Abs. 4 gilt entsprechend.<br><br>(4) Der Steuerpflichtige darf auf die Richtigkeit der Best\u00e4tigung \u00fcber Spenden und Mitgliedsbeitr\u00e4ge vertrauen, es sei denn, dass er die Best\u00e4tigung durch unlautere Mittel oder falsche Angaben erwirkt hat oder dass ihm die Unrichtigkeit der Best\u00e4tigung bekannt oder infolge grober Fahrl\u00e4ssigkeit nicht bekannt war. Wer vors\u00e4tzlich oder grob fahrl\u00e4ssig eine&nbsp;<strong>unrichtige Best\u00e4tigung<\/strong>&nbsp;ausstellt oder wer veranlasst, dass Zuwendungen nicht zu den in der Best\u00e4tigung angegebenen steuerbeg\u00fcnstigten Zwecken verwendet werden,&nbsp;<strong>haftet<\/strong>&nbsp;f\u00fcr die entgangene Steuer. Diese ist mit&nbsp;<strong>30 Prozent des zugewendeten Betrags<\/strong>&nbsp;anzusetzen.<\/p>\n\n\n\n<h4 class=\"wp-block-heading\">Erbschaftssteuergesetzes (ErbStG)<\/h4>\n\n\n\n<p><strong>\u00a7 13 Steuerbefreiungen<\/strong><br><br>(1) Steuerfrei bleiben &#8230;<br><br>16. Zuwendungen &#8230;<br>b) an inl\u00e4ndische K\u00f6rperschaften, Personenvereinigungen und Verm\u00f6gensmassen, die nach der Satzung, dem Stiftungsgesch\u00e4ft oder der sonstigen Verfassung und nach ihrer tats\u00e4chlichen Gesch\u00e4ftsf\u00fchrung ausschlie\u00dflich und unmittelbar kirchlichen, gemeinn\u00fctzigen oder mildt\u00e4tigen Zwecken dienen. Die Befreiung f\u00e4llt mit Wirkung f\u00fcr die Vergangenheit weg, wenn die Voraussetzungen f\u00fcr die Anerkennung der K\u00f6rperschaft, Personenvereinigung oder Verm\u00f6gensmasse als kirchliche, gemeinn\u00fctzige oder mildt\u00e4tige Institution innerhalb von zehn Jahren nach der Zuwendung entfallen und das Verm\u00f6gen nicht beg\u00fcnstigten Zwecken zugef\u00fchrt wird<\/p>\n\n\n\n<h4 class=\"wp-block-heading\">Einkommensteuerdurchf\u00fchrungsverordnung (EStDV)<\/h4>\n\n\n\n<p><strong>\u00a7 50 Zuwendungsnachweis<\/strong><br><br>(1) Zuwendungen im Sinne der \u00a7\u00a7 10b und 34g des Gesetzes d\u00fcrfen nur abgezogen werden, wenn sie durch eine Zuwendungsbest\u00e4tigung nachgewiesen werden, die der Empf\u00e4nger nach amtlich vorgeschriebenem Vordruck ausgestellt hat.<br><br>(2) Als&nbsp;<strong>Nachweis<\/strong>&nbsp;gen\u00fcgt der Bareinzahlungsbeleg oder die&nbsp;<strong>Buchungsbest\u00e4tigung<\/strong>&nbsp;eines Kreditinstituts, wenn (&#8230;)<br><br>2. die Zuwendung&nbsp;<strong>200 Euro nicht \u00fcbersteigt<\/strong>&nbsp;und (&#8230;)<br><br>b) der Empf\u00e4nger eine K\u00f6rperschaft, Personenvereinigung oder Verm\u00f6gensmasse im Sinne des \u00a7 5 Abs. 1 Nr. 9 des K\u00f6rperschaftsteuergesetzes ist, wenn der steuerbeg\u00fcnstigte Zweck, f\u00fcr den die Zuwendung verwendet wird, und die Angaben \u00fcber die Freistellung des Empf\u00e4ngers von der K\u00f6rperschaftsteuer auf einem von ihm hergestellten Beleg aufgedruckt sind und darauf angegeben ist, ob es sich bei der Zuwendung um eine Spende oder einen Mitgliedsbeitrag handelt oder (&#8230;)<\/p>\n","protected":false},"excerpt":{"rendered":"<p>Steuerhinweise f\u00fcr Spender und Stifter Einkommensteuergesetz (EstG) \u00a7 10b Steuerbeg\u00fcnstigte Zwecke (1)&nbsp;Zuwendungen&nbsp;(Spenden und Mitgliedsbeitr\u00e4ge) zur F\u00f6rderung steuerbeg\u00fcnstigter Zwecke im Sinne der \u00a7\u00a7 52 bis 54 der Abgabenordnung an eine inl\u00e4ndische juristische Person des \u00f6ffentlichen Rechts oder an eine inl\u00e4ndische \u00f6ffentliche Dienststelle oder an eine nach \u00a7 5 Abs. 1 Nr. 9 des K\u00f6rperschaftsteuergesetzes steuerbefreite K\u00f6rperschaft, &hellip; <\/p>\n<p class=\"link-more\"><a href=\"https:\/\/xn--brgerstiftung-emscherlippe-land-oid.de\/index.php\/steuerhinweise\/\" class=\"more-link\"><span class=\"screen-reader-text\">\u201eSteuerhinweise\u201c <\/span>weiterlesen<\/a><\/p>\n","protected":false},"author":1,"featured_media":0,"parent":0,"menu_order":0,"comment_status":"closed","ping_status":"closed","template":"","meta":{"footnotes":""},"class_list":["post-649","page","type-page","status-publish","hentry"],"yoast_head":"<!-- This site is optimized with the Yoast SEO plugin v27.4 - https:\/\/yoast.com\/product\/yoast-seo-wordpress\/ -->\n<title>Steuerhinweise - B\u00fcrgerstiftung Emscherlippe-Land %<\/title>\n<meta name=\"robots\" content=\"index, follow, max-snippet:-1, max-image-preview:large, max-video-preview:-1\" \/>\n<link rel=\"canonical\" href=\"https:\/\/xn--brgerstiftung-emscherlippe-land-oid.de\/index.php\/steuerhinweise\/\" \/>\n<meta property=\"og:locale\" content=\"de_DE\" \/>\n<meta property=\"og:type\" content=\"article\" \/>\n<meta property=\"og:title\" content=\"Steuerhinweise - B\u00fcrgerstiftung Emscherlippe-Land %\" \/>\n<meta property=\"og:description\" content=\"Steuerhinweise f\u00fcr Spender und Stifter Einkommensteuergesetz (EstG) \u00a7 10b Steuerbeg\u00fcnstigte Zwecke (1)&nbsp;Zuwendungen&nbsp;(Spenden und Mitgliedsbeitr\u00e4ge) zur F\u00f6rderung steuerbeg\u00fcnstigter Zwecke im Sinne der \u00a7\u00a7 52 bis 54 der Abgabenordnung an eine inl\u00e4ndische juristische Person des \u00f6ffentlichen Rechts oder an eine inl\u00e4ndische \u00f6ffentliche Dienststelle oder an eine nach \u00a7 5 Abs. 1 Nr. 9 des K\u00f6rperschaftsteuergesetzes steuerbefreite K\u00f6rperschaft, &hellip; \u201eSteuerhinweise\u201c weiterlesen\" \/>\n<meta property=\"og:url\" content=\"https:\/\/xn--brgerstiftung-emscherlippe-land-oid.de\/index.php\/steuerhinweise\/\" \/>\n<meta property=\"og:site_name\" content=\"B\u00fcrgerstiftung Emscherlippe-Land\" \/>\n<meta property=\"article:publisher\" content=\"https:\/\/www.facebook.com\/BuergerstiftungEmscherlippeLand\" \/>\n<meta name=\"twitter:card\" content=\"summary_large_image\" \/>\n<meta name=\"twitter:label1\" content=\"Gesch\u00e4tzte Lesezeit\" \/>\n\t<meta name=\"twitter:data1\" content=\"3\u00a0Minuten\" \/>\n<script type=\"application\/ld+json\" class=\"yoast-schema-graph\">{\"@context\":\"https:\\\/\\\/schema.org\",\"@graph\":[{\"@type\":\"WebPage\",\"@id\":\"https:\\\/\\\/xn--brgerstiftung-emscherlippe-land-oid.de\\\/index.php\\\/steuerhinweise\\\/\",\"url\":\"https:\\\/\\\/xn--brgerstiftung-emscherlippe-land-oid.de\\\/index.php\\\/steuerhinweise\\\/\",\"name\":\"Steuerhinweise - B\u00fcrgerstiftung Emscherlippe-Land %\",\"isPartOf\":{\"@id\":\"https:\\\/\\\/xn--brgerstiftung-emscherlippe-land-oid.de\\\/#website\"},\"datePublished\":\"2020-07-29T14:16:02+00:00\",\"breadcrumb\":{\"@id\":\"https:\\\/\\\/xn--brgerstiftung-emscherlippe-land-oid.de\\\/index.php\\\/steuerhinweise\\\/#breadcrumb\"},\"inLanguage\":\"de\",\"potentialAction\":[{\"@type\":\"ReadAction\",\"target\":[\"https:\\\/\\\/xn--brgerstiftung-emscherlippe-land-oid.de\\\/index.php\\\/steuerhinweise\\\/\"]}]},{\"@type\":\"BreadcrumbList\",\"@id\":\"https:\\\/\\\/xn--brgerstiftung-emscherlippe-land-oid.de\\\/index.php\\\/steuerhinweise\\\/#breadcrumb\",\"itemListElement\":[{\"@type\":\"ListItem\",\"position\":1,\"name\":\"Home\",\"item\":\"https:\\\/\\\/xn--brgerstiftung-emscherlippe-land-oid.de\\\/\"},{\"@type\":\"ListItem\",\"position\":2,\"name\":\"Steuerhinweise\"}]},{\"@type\":\"WebSite\",\"@id\":\"https:\\\/\\\/xn--brgerstiftung-emscherlippe-land-oid.de\\\/#website\",\"url\":\"https:\\\/\\\/xn--brgerstiftung-emscherlippe-land-oid.de\\\/\",\"name\":\"B\u00fcrgerstiftung Emscherlippe-Land\",\"description\":\"Eine Gemeinschaft lebt vom Engagement jedes Einzelnen.\",\"publisher\":{\"@id\":\"https:\\\/\\\/xn--brgerstiftung-emscherlippe-land-oid.de\\\/#organization\"},\"potentialAction\":[{\"@type\":\"SearchAction\",\"target\":{\"@type\":\"EntryPoint\",\"urlTemplate\":\"https:\\\/\\\/xn--brgerstiftung-emscherlippe-land-oid.de\\\/?s={search_term_string}\"},\"query-input\":{\"@type\":\"PropertyValueSpecification\",\"valueRequired\":true,\"valueName\":\"search_term_string\"}}],\"inLanguage\":\"de\"},{\"@type\":\"Organization\",\"@id\":\"https:\\\/\\\/xn--brgerstiftung-emscherlippe-land-oid.de\\\/#organization\",\"name\":\"B\u00fcrgerstiftung Emscherlippe-Land\",\"url\":\"https:\\\/\\\/xn--brgerstiftung-emscherlippe-land-oid.de\\\/\",\"logo\":{\"@type\":\"ImageObject\",\"inLanguage\":\"de\",\"@id\":\"https:\\\/\\\/xn--brgerstiftung-emscherlippe-land-oid.de\\\/#\\\/schema\\\/logo\\\/image\\\/\",\"url\":\"https:\\\/\\\/xn--brgerstiftung-emscherlippe-land-oid.de\\\/wp-content\\\/uploads\\\/2020\\\/07\\\/BSLogoSchriftRechts-scaled.jpg\",\"contentUrl\":\"https:\\\/\\\/xn--brgerstiftung-emscherlippe-land-oid.de\\\/wp-content\\\/uploads\\\/2020\\\/07\\\/BSLogoSchriftRechts-scaled.jpg\",\"width\":2560,\"height\":792,\"caption\":\"B\u00fcrgerstiftung Emscherlippe-Land\"},\"image\":{\"@id\":\"https:\\\/\\\/xn--brgerstiftung-emscherlippe-land-oid.de\\\/#\\\/schema\\\/logo\\\/image\\\/\"},\"sameAs\":[\"https:\\\/\\\/www.facebook.com\\\/BuergerstiftungEmscherlippeLand\"]}]}<\/script>\n<!-- \/ Yoast SEO plugin. -->","yoast_head_json":{"title":"Steuerhinweise - B\u00fcrgerstiftung Emscherlippe-Land %","robots":{"index":"index","follow":"follow","max-snippet":"max-snippet:-1","max-image-preview":"max-image-preview:large","max-video-preview":"max-video-preview:-1"},"canonical":"https:\/\/xn--brgerstiftung-emscherlippe-land-oid.de\/index.php\/steuerhinweise\/","og_locale":"de_DE","og_type":"article","og_title":"Steuerhinweise - B\u00fcrgerstiftung Emscherlippe-Land %","og_description":"Steuerhinweise f\u00fcr Spender und Stifter Einkommensteuergesetz (EstG) \u00a7 10b Steuerbeg\u00fcnstigte Zwecke (1)&nbsp;Zuwendungen&nbsp;(Spenden und Mitgliedsbeitr\u00e4ge) zur F\u00f6rderung steuerbeg\u00fcnstigter Zwecke im Sinne der \u00a7\u00a7 52 bis 54 der Abgabenordnung an eine inl\u00e4ndische juristische Person des \u00f6ffentlichen Rechts oder an eine inl\u00e4ndische \u00f6ffentliche Dienststelle oder an eine nach \u00a7 5 Abs. 1 Nr. 9 des K\u00f6rperschaftsteuergesetzes steuerbefreite K\u00f6rperschaft, &hellip; \u201eSteuerhinweise\u201c weiterlesen","og_url":"https:\/\/xn--brgerstiftung-emscherlippe-land-oid.de\/index.php\/steuerhinweise\/","og_site_name":"B\u00fcrgerstiftung Emscherlippe-Land","article_publisher":"https:\/\/www.facebook.com\/BuergerstiftungEmscherlippeLand","twitter_card":"summary_large_image","twitter_misc":{"Gesch\u00e4tzte Lesezeit":"3\u00a0Minuten"},"schema":{"@context":"https:\/\/schema.org","@graph":[{"@type":"WebPage","@id":"https:\/\/xn--brgerstiftung-emscherlippe-land-oid.de\/index.php\/steuerhinweise\/","url":"https:\/\/xn--brgerstiftung-emscherlippe-land-oid.de\/index.php\/steuerhinweise\/","name":"Steuerhinweise - B\u00fcrgerstiftung Emscherlippe-Land %","isPartOf":{"@id":"https:\/\/xn--brgerstiftung-emscherlippe-land-oid.de\/#website"},"datePublished":"2020-07-29T14:16:02+00:00","breadcrumb":{"@id":"https:\/\/xn--brgerstiftung-emscherlippe-land-oid.de\/index.php\/steuerhinweise\/#breadcrumb"},"inLanguage":"de","potentialAction":[{"@type":"ReadAction","target":["https:\/\/xn--brgerstiftung-emscherlippe-land-oid.de\/index.php\/steuerhinweise\/"]}]},{"@type":"BreadcrumbList","@id":"https:\/\/xn--brgerstiftung-emscherlippe-land-oid.de\/index.php\/steuerhinweise\/#breadcrumb","itemListElement":[{"@type":"ListItem","position":1,"name":"Home","item":"https:\/\/xn--brgerstiftung-emscherlippe-land-oid.de\/"},{"@type":"ListItem","position":2,"name":"Steuerhinweise"}]},{"@type":"WebSite","@id":"https:\/\/xn--brgerstiftung-emscherlippe-land-oid.de\/#website","url":"https:\/\/xn--brgerstiftung-emscherlippe-land-oid.de\/","name":"B\u00fcrgerstiftung Emscherlippe-Land","description":"Eine Gemeinschaft lebt vom Engagement jedes Einzelnen.","publisher":{"@id":"https:\/\/xn--brgerstiftung-emscherlippe-land-oid.de\/#organization"},"potentialAction":[{"@type":"SearchAction","target":{"@type":"EntryPoint","urlTemplate":"https:\/\/xn--brgerstiftung-emscherlippe-land-oid.de\/?s={search_term_string}"},"query-input":{"@type":"PropertyValueSpecification","valueRequired":true,"valueName":"search_term_string"}}],"inLanguage":"de"},{"@type":"Organization","@id":"https:\/\/xn--brgerstiftung-emscherlippe-land-oid.de\/#organization","name":"B\u00fcrgerstiftung Emscherlippe-Land","url":"https:\/\/xn--brgerstiftung-emscherlippe-land-oid.de\/","logo":{"@type":"ImageObject","inLanguage":"de","@id":"https:\/\/xn--brgerstiftung-emscherlippe-land-oid.de\/#\/schema\/logo\/image\/","url":"https:\/\/xn--brgerstiftung-emscherlippe-land-oid.de\/wp-content\/uploads\/2020\/07\/BSLogoSchriftRechts-scaled.jpg","contentUrl":"https:\/\/xn--brgerstiftung-emscherlippe-land-oid.de\/wp-content\/uploads\/2020\/07\/BSLogoSchriftRechts-scaled.jpg","width":2560,"height":792,"caption":"B\u00fcrgerstiftung Emscherlippe-Land"},"image":{"@id":"https:\/\/xn--brgerstiftung-emscherlippe-land-oid.de\/#\/schema\/logo\/image\/"},"sameAs":["https:\/\/www.facebook.com\/BuergerstiftungEmscherlippeLand"]}]}},"_links":{"self":[{"href":"https:\/\/xn--brgerstiftung-emscherlippe-land-oid.de\/index.php\/wp-json\/wp\/v2\/pages\/649","targetHints":{"allow":["GET"]}}],"collection":[{"href":"https:\/\/xn--brgerstiftung-emscherlippe-land-oid.de\/index.php\/wp-json\/wp\/v2\/pages"}],"about":[{"href":"https:\/\/xn--brgerstiftung-emscherlippe-land-oid.de\/index.php\/wp-json\/wp\/v2\/types\/page"}],"author":[{"embeddable":true,"href":"https:\/\/xn--brgerstiftung-emscherlippe-land-oid.de\/index.php\/wp-json\/wp\/v2\/users\/1"}],"replies":[{"embeddable":true,"href":"https:\/\/xn--brgerstiftung-emscherlippe-land-oid.de\/index.php\/wp-json\/wp\/v2\/comments?post=649"}],"version-history":[{"count":1,"href":"https:\/\/xn--brgerstiftung-emscherlippe-land-oid.de\/index.php\/wp-json\/wp\/v2\/pages\/649\/revisions"}],"predecessor-version":[{"id":650,"href":"https:\/\/xn--brgerstiftung-emscherlippe-land-oid.de\/index.php\/wp-json\/wp\/v2\/pages\/649\/revisions\/650"}],"wp:attachment":[{"href":"https:\/\/xn--brgerstiftung-emscherlippe-land-oid.de\/index.php\/wp-json\/wp\/v2\/media?parent=649"}],"curies":[{"name":"wp","href":"https:\/\/api.w.org\/{rel}","templated":true}]}}