{"version":"1.0","provider_name":"B\u00fcrgerstiftung Emscherlippe-Land","provider_url":"https:\/\/xn--brgerstiftung-emscherlippe-land-oid.de","author_name":"admin","author_url":"https:\/\/xn--brgerstiftung-emscherlippe-land-oid.de\/index.php\/author\/stiftung\/","title":"Die diesj\u00e4hrigen Adventsbegleiter bringen 2.463 Euro f\u00fcr die Willi und Heti Schreckenberg Stiftung - B\u00fcrgerstiftung Emscherlippe-Land","type":"rich","width":600,"height":338,"html":"<blockquote class=\"wp-embedded-content\" data-secret=\"C0Nb1CjLlc\"><a href=\"https:\/\/xn--brgerstiftung-emscherlippe-land-oid.de\/index.php\/timeline\/adventsbegleiter2021\/\">Die diesj\u00e4hrigen Adventsbegleiter bringen 2.463 Euro f\u00fcr die Willi und Heti Schreckenberg Stiftung<\/a><\/blockquote><iframe sandbox=\"allow-scripts\" security=\"restricted\" src=\"https:\/\/xn--brgerstiftung-emscherlippe-land-oid.de\/index.php\/timeline\/adventsbegleiter2021\/embed\/#?secret=C0Nb1CjLlc\" width=\"600\" height=\"338\" title=\"&#8222;Die diesj\u00e4hrigen Adventsbegleiter bringen 2.463 Euro f\u00fcr die Willi und Heti Schreckenberg Stiftung&#8220; &#8211; B\u00fcrgerstiftung Emscherlippe-Land\" data-secret=\"C0Nb1CjLlc\" frameborder=\"0\" marginwidth=\"0\" marginheight=\"0\" scrolling=\"no\" class=\"wp-embedded-content\"><\/iframe><script>\n\/*! This file is auto-generated *\/\n!function(d,l){\"use strict\";l.querySelector&&d.addEventListener&&\"undefined\"!=typeof URL&&(d.wp=d.wp||{},d.wp.receiveEmbedMessage||(d.wp.receiveEmbedMessage=function(e){var t=e.data;if((t||t.secret||t.message||t.value)&&!\/[^a-zA-Z0-9]\/.test(t.secret)){for(var s,r,n,a=l.querySelectorAll('iframe[data-secret=\"'+t.secret+'\"]'),o=l.querySelectorAll('blockquote[data-secret=\"'+t.secret+'\"]'),c=new RegExp(\"^https?:$\",\"i\"),i=0;i<o.length;i++)o[i].style.display=\"none\";for(i=0;i<a.length;i++)s=a[i],e.source===s.contentWindow&&(s.removeAttribute(\"style\"),\"height\"===t.message?(1e3<(r=parseInt(t.value,10))?r=1e3:~~r<200&&(r=200),s.height=r):\"link\"===t.message&&(r=new URL(s.getAttribute(\"src\")),n=new URL(t.value),c.test(n.protocol))&&n.host===r.host&&l.activeElement===s&&(d.top.location.href=t.value))}},d.addEventListener(\"message\",d.wp.receiveEmbedMessage,!1),l.addEventListener(\"DOMContentLoaded\",function(){for(var e,t,s=l.querySelectorAll(\"iframe.wp-embedded-content\"),r=0;r<s.length;r++)(t=(e=s[r]).getAttribute(\"data-secret\"))||(t=Math.random().toString(36).substring(2,12),e.src+=\"#?secret=\"+t,e.setAttribute(\"data-secret\",t)),e.contentWindow.postMessage({message:\"ready\",secret:t},\"*\")},!1)))}(window,document);\n\/\/# sourceURL=https:\/\/xn--brgerstiftung-emscherlippe-land-oid.de\/wp-includes\/js\/wp-embed.min.js\n<\/script>\n","thumbnail_url":"https:\/\/xn--brgerstiftung-emscherlippe-land-oid.de\/wp-content\/uploads\/2021\/12\/Adventskranzverkauf_2021-scaled.jpg","thumbnail_width":2560,"thumbnail_height":1440,"description":"Leider musste die Willi und Heti Schreckenberg Stiftung auch in diesem Jahr auf ihre traditionelle Vorweihnachtsaktion, die Versteigerung von Adventskr\u00e4nzen, verzichten. Doch wie schon im Vorjahr lie\u00df sich Heti Schreckenberg nicht davon abhalten, dennoch f\u00fcr weihnachtliche Vorfreude in zahlreichen Familien zu sorgen. So bastelte sie gemeinsam mit ihrer Freundin Angelika Kranefoer 34 Adventskr\u00e4nze, die vorab &hellip; \u201e\u201c weiterlesen"}

Bürgerstiftung Emscherlippe-Land

Die diesjährigen Adventsbegleiter bringen 2.463 Euro für die Willi und Heti Schreckenberg Stiftung - Bürgerstiftung Emscherlippe-Land

<blockquote class="wp-embedded-content" data-secret="C0Nb1CjLlc"><a href="https://xn--brgerstiftung-emscherlippe-land-oid.de/index.php/timeline/adventsbegleiter2021/">Die diesjährigen Adventsbegleiter bringen 2.463 Euro für die Willi und Heti Schreckenberg Stiftung</a></blockquote><iframe sandbox="allow-scripts" security="restricted" src="https://xn--brgerstiftung-emscherlippe-land-oid.de/index.php/timeline/adventsbegleiter2021/embed/#?secret=C0Nb1CjLlc" width="600" height="338" title="&#8222;Die diesjährigen Adventsbegleiter bringen 2.463 Euro für die Willi und Heti Schreckenberg Stiftung&#8220; &#8211; Bürgerstiftung Emscherlippe-Land" data-secret="C0Nb1CjLlc" frameborder="0" marginwidth="0" marginheight="0" scrolling="no" class="wp-embedded-content"></iframe><script>
/*! This file is auto-generated */
!function(d,l){"use strict";l.querySelector&&d.addEventListener&&"undefined"!=typeof URL&&(d.wp=d.wp||{},d.wp.receiveEmbedMessage||(d.wp.receiveEmbedMessage=function(e){var t=e.data;if((t||t.secret||t.message||t.value)&&!/[^a-zA-Z0-9]/.test(t.secret)){for(var s,r,n,a=l.querySelectorAll('iframe[data-secret="'+t.secret+'"]'),o=l.querySelectorAll('blockquote[data-secret="'+t.secret+'"]'),c=new RegExp("^https?:$","i"),i=0;i<o.length;i++)o[i].style.display="none";for(i=0;i<a.length;i++)s=a[i],e.source===s.contentWindow&&(s.removeAttribute("style"),"height"===t.message?(1e3<(r=parseInt(t.value,10))?r=1e3:~~r<200&&(r=200),s.height=r):"link"===t.message&&(r=new URL(s.getAttribute("src")),n=new URL(t.value),c.test(n.protocol))&&n.host===r.host&&l.activeElement===s&&(d.top.location.href=t.value))}},d.addEventListener("message",d.wp.receiveEmbedMessage,!1),l.addEventListener("DOMContentLoaded",function(){for(var e,t,s=l.querySelectorAll("iframe.wp-embedded-content"),r=0;r<s.length;r++)(t=(e=s[r]).getAttribute("data-secret"))||(t=Math.random().toString(36).substring(2,12),e.src+="#?secret="+t,e.setAttribute("data-secret",t)),e.contentWindow.postMessage({message:"ready",secret:t},"*")},!1)))}(window,document);
//# sourceURL=https://xn--brgerstiftung-emscherlippe-land-oid.de/wp-includes/js/wp-embed.min.js
</script>

Leider musste die Willi und Heti Schreckenberg Stiftung auch in diesem Jahr auf ihre traditionelle Vorweihnachtsaktion, die Versteigerung von Adventskränzen, verzichten. Doch wie schon im Vorjahr ließ sich Heti Schreckenberg nicht davon abhalten, dennoch für weihnachtliche Vorfreude in zahlreichen Familien zu sorgen. So bastelte sie gemeinsam mit ihrer Freundin Angelika Kranefoer 34 Adventskränze, die vorab &hellip; „“ weiterlesen
